rt -1 (base 5) to base 14.
-1
-332 (base 4) to base 10
-62
-240 (base 6) to base 10
-96
What is -45 (base 15) in base 4?
-1001
Convert 2 (base 11) to base 5.
2
Convert -10 (base 8) to base 6.
-12
-4 (base 10) to base 3
-11
250 (base 7) to base 2
10000101
11 (base 4) to base 13
5
What is -44 (base 9) in base 5?
-130
-3 (base 15) to base 4
-3
-87 (base 12) to base 6
-251
Convert -22 (base 6) to base 11.
-13
-14 (base 10) to base 11
-13
What is 101 (base 9) in base 13?
64
What is 19 (base 15) in base 6?
40
Convert 444 (base 5) to base 12.
a4
Convert 10 (base 2) to base 13.
2
20 (base 12) to base 15
19
Convert -1 (base 3) to base 6.
-1
Convert 3 (base 15) to base 6.
3
Convert -10a (base 13) to base 8.
-263
-8 (base 9) to base 13
-8
What is 21 (base 3) in base 16?
7
2011 (base 3) to base 14
42
Convert 267 (base 11) to base 13.
1b3
Convert 181 (base 9) to base 8.
232
Convert 0 (base 13) to base 5.
0
Convert 24 (base 11) to base 12.
22
1 (base 15) to base 2
1
30 (base 5) to base 6
23
-121 (base 7) to base 14
-48
Convert 4 (base 16) to base 7.
4
What is 102 (base 3) in base 4?
23
What is 1130 (base 4) in base 10?
92
Convert 22 (base 7) to base 2.
10000
b4 (base 13) to base 10
147
Convert -100 (base 7) to base 9.
-54
What is 26 (base 14) in base 12?
2a
Convert 10 (base 6) to base 10.
6
-b4 (base 13) to base 16
-93
Convert 143 (base 8) to base 12.
83
What is -c (base 13) in base 4?
-30
Convert -301 (base 7) to base 3.
-12111
-2 (base 14) to base 5
-2
3 (base 6) to base 13
3
Convert c (base 14) to base 2.
1100
What is c (base 14) in base 3?
110
What is 12 (base 10) in base 16?
c
4 (base 13) to base 8
4
67 (base 12) to base 6
211
Convert -12 (base 9) to base 8.
-13
-20 (base 10) to base 12
-18
Convert -2112 (base 3) to base 8.
-104
Convert 22 (base 4) to base 9.
11
What is -3 (base 9) in base 5?
-3
-49 (base 10) to base 16
-31
Convert -164 (base 9) to base 8.
-213
Convert 7 (base 16) to base 15.
7
-220 (base 6) to base 2
-1010100
-43 (base 5) to base 3
-212
Convert 1 (base 12) to base 7.
1
What is 2 (base 5) in base 14?
2
Convert 1332 (base 4) to base 15.
86
Convert 20 (base 5) to base 15.
a
Convert 163 (base 7) to base 10.
94
What is -32 (base 8) in base 13?
-20
What is -3 (base 5) in base 12?
-3
What is 161 (base 10) in base 15?
ab
1a (base 16) to base 11
24
What is 3 (base 12) in base 4?
3
-33 (base 5) to base 11
-17
-101 (base 4) to base 2
-10001
320 (base 4) to base 14
40
Convert -13 (base 5) to base 10.
-8
What is 0 (base 9) in base 12?
0
3 (base 6) to base 16
3
-18 (base 16) to base 15
-19
20212 (base 3) to base 11
159
What is -113 (base 7) in base 14?
-43
What is 37 (base 15) in base 14?
3a
What is 42 (base 6) in base 2?
11010
What is 0 (base 2) in base 11?
0
What is 10 (base 6) in base 11?
6
-34 (base 8) to base 16
-1c
Convert -1011 (base 5) to base 7.
-245
Convert -3 (base 13) to base 6.
-3
Convert -4 (base 11) to base 8.
-4
What is -1 (base 7) in base 11?
-1
Convert 1 (base 3) to base 16.
1
What is 24 (base 8) in base 14?
16
What is 42 (base 9) in base 3?
1102
Convert -7 (base 16) to base 12.
-7
What is 25 (base 15) in base 4?
203
Convert 73 (base 12) to base 16.
57
-3 (base 6) to base 7
-3
11011000 (base 2) to base 16
d8
-21 (base 14) to base 3
-1002
Convert 1042 (base 6) to base 13.
158
What is -155 (base 13) in base 6?
-1035
Convert -2 (base 13) to base 11.
-2
Convert -2231 (base 4) to base 11.
-148
Convert -1 (base 15) to base 13.
-1
What is a (base 16) in base 10?
10
Convert 3e (base 15) to base 5.
214
-2 (base 4) to base 14
-2
Convert 10100100 (base 2) to base 4.
2210
Convert 12 (base 7) to base 16.
9
Convert 113 (base 7) to base 15.
3e
What is 64 (base 16) in base 3?
10201
What is 6 (base 13) in base 15?
6
What is -3 (base 6) in base 16?
-3
Convert 18 (base 15) to base 2.
10111
What is -8 (base 16) in base 6?
-12
What is -15 (base 6) in base 5?
-21
What is 201 (base 9) in base 14?
b9
Convert 23 (base 16) to base 6.
55
What is 2 (base 14) in base 3?
2
0 (base 8) to base 14
0
3 (base 14) to base 10
3
Convert 107 (base 10) to base 5.
412
18 (base 12) to base 16
14
What is -1 (base 4) in base 8?
-1
What is 14 (base 6) in base 13?
a
Convert -30 (base 4) to base 3.
-110
2 (base 12) to base 14
2
What is 160 (base 8) in base 11?
a2
33 (base 7) to base 16
18
Convert -5 (base 8) to base 2.
-101
Convert 3 (base 16) to base 7.
3
What is -133 (base 8) in base 4?
-1123
9 (base 13) to base 10
9
What is 12 (base 9) in base 10?
11
What is -18 (base 12) in base 5?
-40
12 (base 7) to base 4
21
What is 10 (base 2) in base 13?
2
-102 (base 3) to base 12
-b
-10 (base 12) to base 14
-c
65 (base 9) to base 8
73
What is -26 (base 11) in base 9?
-31
What is a (base 12) in base 13?
a
What is 224 (base 6) in base 11?
80
What is 3 (base 12) in base 5?
3
Convert 1 (base 2) to base 12.
1
-2 (base 7) to base 3
-2
Convert -129 (base 12) to base 7.
-342
What is -5 (base 9) in base 11?
-5
11 (base 8) to base 15
9
c (base 14) to base 13
c
What is -505 (base 6) in base 14?
-d3
What is 2 (base 4) in base 11?
2
2 (base 7) to base 15
2
1001100 (base 2) to base 6
204
What is -10 (base 4) in base 2?
-100
What is -55 (base 14) in base 5?
-300
-41 (base 8) to base 7
-45
Convert 15 (base 7) to base 9.
13
2 (base 6) to base 14
2
What is -4 (base 6) in base 16?
-4
44 (base 8) to base 10
36
3 (base 11) to base 13
3
8 (base 12) to base 13
8
What is 134 (base 10) in base 7?
251
-20 (base 10) to base 6
-32
Convert 26 (base 13) to base 16.
20
Convert -7 (base 14) to base 5.
-12
-36 (base 16) to base 10
-54
100 (base 2) to base 3
11
-3 (base 8) to base 14
-3
32 (base 15) to base 13
38
Convert 1a (base 15) to base 5.
100
What is -177 (base 9) in base 2?
-10010111
Convert -1 (base 5) to base 13.
-1
-103 (base 4) to base 6
-31
Convert -3 (base 14) to base 7.
-3
Convert 4 (base 5) to base 15.
4
-101 (base 3) to base 2
-1010
Convert -1 (base 10) to base 8.
-1
What is 75 (base 12) in base 7?
155
What is -2 (base 12) in base 15?
-2
23 (base 7) to base 3
122
What is -9 (base 16) in base 9?
-10
Convert -133 (base 6) to base 8.
-71
30 (base 7) to base 3
210
43 (base 13) to base 6
131
-16 (base 7) to base 11
-12
Convert -2 (base 3) to base 6.
-2
What is 202 (base 5) in base 3?
1221
5 (base 6) to base 5
10
What is 142 (base 5) in base 3?
1202
What is 2 (base 10) in base 8?
2
Convert 1a (base 15) to base 9.
27
10 (base 4) to base 8
4
What is 2 (base 16) in base 6?
2
2 (base 5) to base 16
2
-10001 (base 2) to base 5
-32
Convert -37 (base 14) to base 3.
-1211
100 (base 4) to base 3
121
-1011 (base 2) to base 12
-b
-11 (base 7) to base 3
-22
2 (base 15) to base 12
2
What is -13 (base 4) in base 3?
-21
-1212 (base 3) to base 10
-50
7 (base 12) to base 15
7
What is 10 (base 9) in base 5?
14
Convert 2b (base 12) to base 8.
43
5 (base 15) to base 11
5
-b1 (base 12) to base 4
-2011
28 (base 13) to base 15
24
-12 (base 9) to base 4
-23
What is 3 (base 10) in base 6?
3
-125 (base 12) to base 5
-1143
1 (base 13) to base 14
1
-101011 (base 2) to base 9
-47
Convert -11 (base 10) to base 13.
-b
What is -135 (base 11) in base 8?
-237
-7 (base 11) to base 16
-7
What is 162 (base 9) in base 16?
89
Convert -110 (base 2) to base 6.
-10
What is 23 (base 5) in base 3?
111
What is 13 (base 6) in base 10?
9
Convert -3 (base 13) to base 7.
-3
What is -4 (base 15) in base 14?
-4
4 (base 5) to base 16
4
Convert -11 (base 9) to base 8.
-12
-5 (base 16) to base 2
-101
6 (base 7) to base 2
110
102 (base 3) to base 5
21
Convert -11 (base 2) to base 11.
-3
What is -1 (base 3) in base 12?
-1
What is -2 (base 15) in base 14?
-2
10 (base 11) to base 3
102
Convert 212 (base 10) to base 2.
11010100
-2112 (base 3) to base 2
-1000100
Convert 23 (base 6) to base 13.
12
-5 (base 13) to base 6
-5
What is -201 (base 3) in base 4?
-103
Convert 5 (base 9) to base 16.
5
Convert -1 (base 15) to base 6.
-1
What is 24 (base 10) in base 8?
30
-346 (base 7) to base 14
-cd
Convert -8a (base 15) to base 9.
-154
What is -38 (base 16) in base 11?
-51
What is -80 (base 10) in base 9?
-88
-110 (base 4) to base 5
-40
What is 313 (base 4) in base 11?
50
What is 6 (base 14) in base 10?
6
-14 (base 10) to base 3
-112
2 (base 6) to base 13
2
-1 (base 10) to base 11
-1
5 (base 11) to base 14
5
What is -10 (base 10) in base 4?
-22
Convert -36 (base 8) to base